 Suppose 354 = 5*v + j*b, -v = -0*v - 2*b - 78. What is the greatest common factor of v and 8?
8
Let h be 7 + -7 - (-81 + 1). Let q be (-27)/18*h/(-6). What is the highest common factor of 140 and q?
20
Let v be (16/(-3))/((-8)/12). Let i be (-16)/(-6)*(-3)/(-2). Suppose 0*b + y + 169 = 3*b, -i*y + 276 = 5*b. Calculate the greatest common divisor of b and v.
8
Let m = -75 + 143. Let r = -35 + m. Suppose 3*t = -5*q + 8, 4*t = 4*q + q + 69. Calculate the highest common divisor of t and r.
11
Let a be -1*(-2 - -1 - 13). What is the highest common factor of 14 and a?
14
Suppose d = -3*k - 4, -4*k - 4*d - 16 = -7*k. Suppose k*a = 2*a - 224. What is the highest common divisor of a and 16?
16
Let z(q) = 62*q + 1. Let n(o) = 187*o + 3. Let g(r) = 2*n(r) - 7*z(r). Let s be g(-2). Calculate the highest common factor of 17 and s.
17
Let i(r) be the first derivative of -2 - 6*r**2 - 12*r - 1/4*r**4 - 11/3*r**3. Let u be i(-10). Calculate the greatest common divisor of 24 and u.
8
Let o(d) = -2*d - 1. Let h be o(-2). Suppose -94 = -h*j - 22. Calculate the greatest common factor of 3 and j.
3
Let b = -75 - -105. What is the greatest common divisor of 10 and b?
10
Let v = -77 - -119. What is the highest common divisor of 6 and v?
6
Suppose f - 4*f = -12. Suppose 0 = -f*d - 6 - 6, -5*d = -3*p + 27. Suppose p*o + v = 214 + 205, -v + 104 = o. Calculate the greatest common factor of 15 and o.
15
Suppose k - 15 = -0*k. Let v = -57 + 91. Let x = v + -19. What is the highest common factor of k and x?
15
Let f(m) = m**2 + 7*m + 15. Let i be f(-6). Let z be 1*(1 + 0 + 0). What is the highest common factor of i and z?
1
Let f be (-2)/(-9) + 6/(-27). Suppose 20 = 5*l - f*l. What is the highest common factor of l and 12?
4
Let v = 3 + -1. Suppose 64 = 4*b - v*d - 66, 2*b = 3*d + 67. Suppose -y = y - b. Calculate the greatest common factor of y and 112.
16
Suppose -z = 21 - 150. Let v = 272 - z. What is the greatest common divisor of v and 13?
13
Let z(w) = 12. Let n(b) = b + 1. Let o(x) = -12*n(x) + z(x). Let r be (-1 - 1)/(4/6). Let p be o(r). Calculate the greatest common divisor of p and 9.
9
Let q be 27 - (-3)/(-2 + 3). Suppose -3*f - f = -48. What is the greatest common divisor of f and q?
6
Let q(s) = -60*s. Let j be q(-5). Suppose -k + j = 4*k. Calculate the highest common factor of k and 15.
15
Let d(y) = -y**3 + 16*y**2 + 18*y - 16. Let u be d(17). What is the highest common divisor of 4 and u?
1
Let q = -9 + 14. Calculate the greatest common divisor of 55 and q.
5
Suppose 20 - 209 = -9*w. What is the greatest common factor of 21 and w?
21
Let m = 72 + -57. What is the greatest common divisor of 3 and m?
3
Suppose 3 = -7*t + 38. What is the greatest common factor of t and 15?
5
Suppose 3*r + 86 = 2*o + 6*r, -2*r = 3*o - 124. Suppose 5*m - 200 = -0*m. Suppose 0 = 3*k + k - m. What is the greatest common divisor of o and k?
10
Let p be 154/66*(1 + 2). What is the greatest common divisor of p and 1?
1
Let m(x) = x**2 - 12*x - 20. Let p be m(14). What is the greatest common factor of 32 and p?
8
Let h(y) = -y**3 - 12*y**2 - 14*y - 14. Let v be h(-11). Calculate the greatest common divisor of v and 57.
19
Let f(z) = z**2 + 5*z + 3. Let c be f(-5). Suppose -c*m + 45 = -0*m. What is the greatest common divisor of m and 45?
15
Let q = -9 + 2. Let o be (-54)/q + (-4)/(-14). Let g(c) = -c**3 + 5*c**2 + 10*c - 8. Let t be g(6). Calculate the greatest common factor of t and o.
8
Let s(v) be the second derivative of v**5/5 - v**3/3 - v**2/2 + 4*v. Let y be s(2). Calculate the highest common divisor of y and 9.
9
Let j = 22 - 10. What is the highest common divisor of 18 and j?
6
Let g(t) = 17*t - 1. Let w be g(1). Suppose -5*n = k - 24, 5*n = -0*k - 2*k + 28. What is the greatest common divisor of w and n?
4
Let z be (204/3 - -1)*1. Calculate the highest common factor of 46 and z.
23
Let r = -36 + 57. What is the greatest common factor of 7 and r?
7
Let h = -9 - -23. Let p be -1 - (-3 - -1) - -5. Suppose -o + 8 = o - a, -5*o = a - p. Calculate the greatest common factor of o and h.
2
Suppose -5*h = -4*h - 3. Let c be 4/(-10) - (-5892)/30. Suppose -5*u = -h*o - 237, -5*u + u - 4*o + c = 0. Calculate the highest common divisor of u and 12.
12
Let y = 611 + -436. Calculate the greatest common factor of 25 and y.
25
Suppose 50 = 6*d - 4*d. Let n = 133 - d. Calculate the greatest common divisor of n and 12.
12
Suppose -3*v + 6 = -0*v. Suppose -v*n = -4*t - 0*t + 16, -t = -5*n - 4. Calculate the greatest common factor of t and 20.
4
Suppose 2*y + 6 = 5*y. Suppose -20 = -y*p + 52. Calculate the highest common divisor of p and 12.
12
Let v be (-107)/(-7) + 8/(-28). Let q be (-10)/(-3) + (-5)/v. Suppose 4*y - 109 = -3*c, -35 = 2*c - q*c - 2*y. What is the greatest common divisor of 13 and c?
13
Let o = 35 + -30. Calculate the greatest common divisor of o and 5.
5
Let p(o) be the second derivative of o**5/20 + 2*o**4/3 + 4*o**3/3 + 11*o**2/2 + 3*o. Let t be p(-5). Calculate the greatest common divisor of t and 115.
23
Suppose -22*o + 18*o + 16 = 0. Calculate the highest common factor of 5 and o.
1
Let m be (-1 - -217) + 1 + -1. Calculate the highest common factor of m and 27.
27
Let w = 19 + -13. Let q = 41 - w. What is the greatest common divisor of q and 7?
7
Suppose s = 6*s - 495. Suppose 14 = 3*z + 5, 5*r + 3*z = 64. Calculate the greatest common factor of r and s.
11
Suppose 3*b - b + 6 = 0. Let a be b - -19 - (0 + 0). What is the highest common factor of 8 and a?
8
Suppose 3*q = -3*d - 2*d - 40, -4*d = 4*q + 40. Let o = q + 8. Suppose -o*a = -a - 14. What is the highest common divisor of 28 and a?
7
Suppose 5*m - 3*b - 70 = 0, 2*m - 2*b + 2 = 30. What is the highest common factor of 56 and m?
14
Suppose 4*l = 4*i + 24, -l + 2*i + 1 = -2. What is the highest common factor of 18 and l?
9
Let b be ((-12 - -1) + -2)*-1. Let r = b + -7. Calculate the highest common factor of r and 54.
6
Let q(o) = o**3 - 6*o**2 - 3*o. Let i be q(7). Let t = -6 + i. Let b be -1 + t + -3 + 2. What is the highest common factor of 5 and b?
5
Suppose 8 = 4*h, -20*f + 36 = -15*f + 3*h. What is the greatest common factor of 18 and f?
6
Let l = -41 - -59. What is the highest common factor of 18 and l?
18
Suppose 0 = -5*f + 2*f + 2*d + 590, 3*d = -4*f + 798. Calculate the highest common factor of 18 and f.
18
Suppose 75 + 3 = 3*y. Let u = 203 - 164. What is the greatest common divisor of y and u?
13
Let b(y) = 5*y**2 + 3*y + 8. Let j be b(4). What is the greatest common factor of j and 10?
10
Suppose j - 8 - 10 = -2*b, -5*j + 18 = 2*b. What is the highest common factor of 72 and b?
9
Suppose -8 = -3*q - q. Let u(p) = 3*p**2 - 9*p - 4. Let y be u(4). What is the greatest common divisor of q and y?
2
Suppose -55 = -5*z + 20. Let c be (-19 + 14)/((-2)/66). Calculate the highest common divisor of z and c.
15
Let u = 140 + -95. Let x be 3/(-3) - (-12)/2. What is the greatest common factor of x and u?
5
Let x = -3 + -4. Let v(q) = q**2 + 7*q + 5. Let l be v(x). Calculate the greatest common divisor of l and 2.
1
Let c(n) = n**2 + 7*n. Let t be c(-7). Suppose 2*b + 4*g - 36 = t, -2*b + b + g + 21 = 0. Calculate the highest common factor of 10 and b.
10
Let w(j) = -j**2 + 8*j - 4. Let d be w(7). Let s(z) = z**2 - 2*z + 2. Let v be s(d). What is the greatest common factor of v and 2?
1
Let h(m) = m**2 + m + 1. Let o be h(0). Let d be -5*(o - 1 - 9). Calculate the highest common factor of 5 and d.
5
Let b(f) = 24 + 4*f + 2*f + 3*f. Let d be b(12). What is the highest common factor of 12 and d?
12
Suppose 21 = d + 3*c, d = -3*d + c + 32. Calculate the highest common divisor of 6 and d.
3
Let f = -5 - -7. Suppose 32 = -f*t + 4*t. Calculate the greatest common factor of t and 144.
16
Suppose 81 = 3*i - 0*i. Suppose -u = 2*u - i. Calculate the highest common divisor of 9 and u.
9
Suppose 0 = -3*z + 28 + 35. Suppose 0 = -v - 0 + 14. What is the greatest common divisor of z and v?
7
Let w(h) = -9*h + 8. Let x(l) = -17*l + 16. Let f(u) = -9*w(u) + 4*x(u). Let j be 4/3*1*6. Let q be f(j). What is the highest common divisor of q and 12?
12
Suppose 0*i = -u - i + 106, 2*u = 4*i + 236. Let k be (-3 - (-1 + -3)) + 49. Suppose -4*r + k = r. Calculate the greatest common divisor of r and u.
10
Let d = 198 - 186. Suppose -2*j = 